{"id":502,"date":"2015-12-25T14:45:43","date_gmt":"2015-12-25T05:45:43","guid":{"rendered":"https:\/\/allobu.jp\/contents2:801\/wp\/?page_id=502"},"modified":"2015-12-25T14:45:43","modified_gmt":"2015-12-25T05:45:43","slug":"bosque-de-intercambio-cultural-de-obu-sintese-da-instalacao","status":"publish","type":"page","link":"https:\/\/allobu.jp\/contents2\/?page_id=502","title":{"rendered":"Bosque de Interc\u00e2mbio Cultural de Obu  &#8211;  S\u00edntese da Instala\u00e7\u00e3o"},"content":{"rendered":"<p>\n\t&nbsp;\n<\/p>\n<p>\n\t<img loading=\"lazy\" decoding=\"async\" height=\"349\" src=\"https:\/\/allobu.jp\/contents2\/images\/img_top01.jpg\" width=\"670\" \/><br \/>\n\t&nbsp;\n<\/p>\n<p>\n\t<strong>Conceito<\/strong><br \/>\n\t<img loading=\"lazy\" decoding=\"async\" align=\"right\" height=\"130\" src=\"https:\/\/allobu.jp\/contents2\/images\/img_top02.jpg\" width=\"250\" \/>Aqui, qualquer pessoa pode adquirir conhecimentos e informa&ccedil;&otilde;es, ter contato com a cultura e arte de alta qualidade, realizar atividades de express&atilde;o e cria&ccedil;&atilde;o pr&oacute;prias e interagir com outras pessoas, assim, esta nova instala&ccedil;&atilde;o de interc&acirc;mbio cultural &eacute; merecedora do orgulho e do amor de cada cidad&atilde;o, pois contribui para o aumento do &ldquo;poder do cidad&atilde;o&rdquo; para que ele avance para as &ldquo;pr&oacute;ximas fases&rdquo;.\n<\/p>\n<p>\n\t<strong>O que &eacute; allobu?<\/strong><br \/>\n\tVem da express&atilde;o &ldquo;Vamos viver juntos em Obu&rdquo; do Plano de Educa&ccedil;&atilde;o Permanente de Obu de 2007 e sintetiza o pensamento: Todas as pessoas, todas as coisas, toda Obu.\n<\/p>\n<p>\n\t<strong>Especifica&ccedil;&otilde;es da Instala&ccedil;&atilde;o<\/strong><br \/>\n\t<img loading=\"lazy\" decoding=\"async\" align=\"right\" height=\"130\" src=\"https:\/\/allobu.jp\/contents2\/images\/img_top03.jpg\" width=\"250\" \/>Estrutura de concreto refor&ccedil;ado, sendo uma parte com estrutura de ferro. Constru&ccedil;&atilde;o de 3 andares e 1 andar subsolo.<br \/>\n\t&Aacute;rea do terreno: 20.000 m&sup2;. &Aacute;rea de Proje&ccedil;&atilde;o: 8.000 m&sup2;. &Aacute;rea constru&iacute;da: 10.000 m&sup2;.\n<\/p>\n<p>\n\t<strong>Extens&atilde;o das principais depend&ecirc;ncias<\/strong><br \/>\n\tBiblioteca, no 1.&ordm; andar: 2.700 m&sup2;<br \/>\n\tKomorebi Hall (315 assentos): 700 m&sup2;<br \/>\n\tEst&uacute;dio A: 90 m&sup2;<br \/>\n\tEst&uacute;dio B: 40 m&sup2;<br \/>\n\tGaleria allobu 1 e 2: 200 m&sup2;<br \/>\n\tRestaurante (60 assentos): 150 m&sup2;<br \/>\n\tSala de Estudos, no 2.&ordm; andar (60 assentos): 140 m&sup2;<br \/>\n\tSalas de Reuni&atilde;o 1, 2 e 3 (3 salas): 200 m&sup2;<br \/>\n\tOutros<br \/>\n\tEdif&iacute;cio-garagem (203 vagas): 3.000 m&sup2;<br \/>\n\tEstacionamentos para bicicleta (total de 200 vagas): 210 m&sup2;\n<\/p>\n<p>\n\t<strong>Localiza&ccedil;&atilde;o da Instala&ccedil;&atilde;o<\/strong><br \/>\n\tAichi-ken, Obu-shi, Hiiragiyama-cho 6-150-1\n<\/p>\n<p>\n\t<strong>Hor&aacute;rio de Funcionamento<\/strong><br \/>\n\tBiblioteca: das 9h &agrave;s 20h<br \/>\n\tOutras depend&ecirc;ncias: das 9h &agrave;s 22h\n<\/p>\n<p>\n\t<strong>Feriados<\/strong><br \/>\n\tBiblioteca:<br \/>\n\tferiado de fim e in&iacute;cio de ano e dias de manuten&ccedil;&atilde;o interna (na 3.&ordf; segunda-feira do m&ecirc;s \uff0ase for feriado, no dia seguinte).<br \/>\n\tPer&iacute;odo de organiza&ccedil;&atilde;o especial do acervo (per&iacute;odo de 5 dias 1 vez por ano).<br \/>\n\tOutros:<br \/>\n\tferiado de fim de in&iacute;cio de ano e per&iacute;odo de vistoria.<\/p>\n","protected":false},"excerpt":{"rendered":"<p>&nbsp; &nbsp; Conceito Aqui, qualquer pessoa pode adquirir conhecimentos e informa&ccedil;&otilde;es, ter cont [&hellip;]<\/p>\n","protected":false},"author":1,"featured_media":0,"parent":0,"menu_order":0,"comment_status":"closed","ping_status":"closed","template":"","meta":{"_monsterinsights_skip_tracking":false,"_monsterinsights_sitenote_active":false,"_monsterinsights_sitenote_note":"","_monsterinsights_sitenote_category":0,"footnotes":""},"_links":{"self":[{"href":"https:\/\/allobu.jp\/contents2\/index.php?rest_route=\/wp\/v2\/pages\/502"}],"collection":[{"href":"https:\/\/allobu.jp\/contents2\/index.php?rest_route=\/wp\/v2\/pages"}],"about":[{"href":"https:\/\/allobu.jp\/contents2\/index.php?rest_route=\/wp\/v2\/types\/page"}],"author":[{"embeddable":true,"href":"https:\/\/allobu.jp\/contents2\/index.php?rest_route=\/wp\/v2\/users\/1"}],"replies":[{"embeddable":true,"href":"https:\/\/allobu.jp\/contents2\/index.php?rest_route=%2Fwp%2Fv2%2Fcomments&post=502"}],"version-history":[{"count":0,"href":"https:\/\/allobu.jp\/contents2\/index.php?rest_route=\/wp\/v2\/pages\/502\/revisions"}],"wp:attachment":[{"href":"https:\/\/allobu.jp\/contents2\/index.php?rest_route=%2Fwp%2Fv2%2Fmedia&parent=502"}],"curies":[{"name":"wp","href":"https:\/\/api.w.org\/{rel}","templated":true}]}}